ndred thousands digit of 35853023?
8
What is the units digit of 26379299?
9
What is the ten millions digit of 3002315428?
0
What is the hundreds digit of 2481912442?
4
What is the hundred thousands digit of 74396942?
3
What is the ten thousands digit of 24160713?
6
What is the hundreds digit of 327107732?
7
What is the units digit of 751731134?
4
What is the hundred thousands digit of 456901867?
9
What is the millions digit of 24102040?
4
What is the tens digit of 202757671?
7
What is the millions digit of 737946828?
7
What is the hundred millions digit of 1401502250?
4
What is the thousands digit of 3839391946?
1
What is the millions digit of 448340224?
8
What is the units digit of 601077036?
6
What is the ten millions digit of 418580935?
1
What is the hundreds digit of 551637818?
8
What is the millions digit of 58129845?
8
What is the hundred thousands digit of 1233407817?
4
What is the tens digit of 1581756818?
1
What is the thousands digit of 5538157?
8
What is the thousands digit of 88830229?
0
What is the ten thousands digit of 684060314?
6
What is the thousands digit of 5057054546?
4
What is the tens digit of 70897496?
9
What is the millions digit of 380024071?
0
What is the hundred millions digit of 408852414?
4
What is the hundred millions digit of 1535558214?
5
What is the ten thousands digit of 1564448028?
4
What is the ten millions digit of 226894154?
2
What is the millions digit of 2169302982?
9
What is the billions digit of 5333179408?
5
What is the tens digit of 617506350?
5
What is the thousands digit of 32981502?
1
What is the hundred thousands digit of 2204129278?
1
What is the tens digit of 2738272?
7
What is the hundreds digit of 36741706?
7
What is the thousands digit of 251177768?
7
What is the millions digit of 585701678?
5
What is the hundred millions digit of 1016223368?
0
What is the millions digit of 1083230563?
3
What is the units digit of 776979938?
8
What is the thousands digit of 1901540101?
0
What is the units digit of 5873049?
9
What is the tens digit of 71146887?
8
What is the ten thousands digit of 27239739?
3
What is the ten thousands digit of 146347373?
4
What is the tens digit of 163732441?
4
What is the billions digit of 2260404702?
2
What is the ten thousands digit of 1491778986?
7
What is the tens digit of 62917111?
1
What is the hundreds digit of 81581888?
8
What is the tens digit of 44931092?
9
What is the thousands digit of 284569961?
9
What is the hundred thousands digit of 551910758?
9
What is the thousands digit of 279915291?
5
What is the millions digit of 66404408?
6
What is the billions digit of 2276288595?
2
What is the hundred thousands digit of 273983186?
9
What is the millions digit of 48165790?
8
What is the ten thousands digit of 1476241927?
4
What is the ten millions digit of 143525916?
4
What is the hundred thousands digit of 912683680?
6
What is the units digit of 65527486?
6
What is the ten millions digit of 604059292?
0
What is the millions digit of 745213014?
5
What is the hundred millions digit of 566283069?
5
What is the hundred thousands digit of 227667573?
6
What is the ten millions digit of 67164569?
6
What is the ten millions digit of 109882292?
0
What is the ten millions digit of 601090140?
0
What is the units digit of 61915627?
7
What is the hundreds digit of 1759322824?
8
What is the hundred thousands digit of 8116886396?
8
What is the tens digit of 64884922?
2
What is the units digit of 1002659344?
4
What is the millions digit of 70019207?
0
What is the hundred thousands digit of 63925821?
9
What is the units digit of 140960717?
7
What is the tens digit of 43839782?
8
What is the hundred thousands digit of 185545565?
5
What is the hundred millions digit of 812996358?
8
What is the tens digit of 389527573?
7
What is the units digit of 497367981?
1
What is the billions digit of 1525686991?
1
What is the tens digit of 499341330?
3
What is the ten thousands digit of 1308615959?
1
What is the thousands digit of 1139267037?
7
What is the tens digit of 3089611440?
4
What is the units digit of 3593757793?
3
What is the units digit of 163745461?
1
What is the hundred millions digit of 454508587?
4
What is the units digit of 4722490977?
7
What is the units digit of 988394354?
4
What is the ten millions digit of 1281783719?
8
What is the ten thousands digit of 485203400?
0
What is the hundreds digit of 8316268598?
5
What is the hundred millions digit of 142683586?
1
What is the millions digit of 13271067?
3
What is the thousands digit of 46026179?
6
What is the tens digit of 1832315210?
1
What is the millions digit of 51945707?
1
What is the hundreds digit of 234601541?
5
What is the hundreds digit of 842348946?
9
What is the tens digit of 28152135?
3
What is the tens digit of 11277719?
1
What is the units digit of 547677870?
0
What is the ten thousands digit of 132470076?
7
What is the hundred thousands digit of 194213794?
2
What is the ten millions digit of 1795536554?
9
What is the units digit of 1880739584?
4
What is the millions digit of 249917443?
9
What is the ten millions digit of 917673917?
1
What is the hundred thousands digit of 807066025?
0
What is the hundred millions digit of 142214311?
1
What is the ten thousands digit of 199369253?
6
What is the hundred thousands digit of 16464913?
4
What is the hundred millions digit of 142315397?
1
What is the thousands digit of 72522950?
2
What is the ten thousands digit of 299460066?
6
What is the hundreds digit of 116668046?
0
What is the hundreds digit of 403331028?
0
What is the tens digit of 62390697?
9
What is the ten thousands digit of 35757313?
5
What is the hundred thousands digit of 73009598?
0
What is the tens digit of 817793752?
5
What is the hundred millions digit of 536206531?
5
What is the tens digit of 72515885?
8
What is the hundreds digit of 120708049?
0
What is the thousands digit of 237367632?
7
What is the ten thousands digit of 223222332?
2
What is the thousands digit of 5310893385?
3
What is the units digit of 3474954771?
1
What is the tens digit of 173635489?
8
What is the billions digit of 3231139496?
3
What is the hundred thousands digit of 24953200?
9
What is the ten millions digit of 411606292?
1
What is the ten thousands digit of 4755825300?
2
What is the hundred thousands digit of 613377665?
3
What is the thousands digit of 94843024?
3
What is the millions digit of 531941212?
1
What is the units digit of 393351204?
4
What is the hundred thousands digit of 238486240?
4
What is the millions digit of 32911416?
2
What is the hundreds digit of 71601564?
5
What is the hundred thousands digit of 142769675?
7
What is the millions digit of 902916738?
2
What is the thousands digit of 8314397?
4
What is the ten thousands digit of 637522161?
2
What is the hundred thousands digit of 72643650?
6
What is the thousands digit of 26802021?
2
What is the hundred thousands digit of 5136547121?
5
What is the millions digit of 383116875?
3
What is the ten thousands digit of 444886080?
8
What is the tens digit of 209943435?
3
What is the tens digit of 2500816727?
2
What is the hundreds digit of 159602569?
5
What is the tens digit of 34201874?
7
What is the billions digit of 3334854850?
3
What is the hundred thousands digit of 55891657?
8
What is the millions digit of 2454144788?
4
What is the units digit of 48518357?
7
What is the ten millions digit of 22588220?
2
What is the tens digit of 521985149?
4
What is the ten thousands digit of 362212128?
1
What is the ten millions digit of 1713419571?
1
What is the millions digit of 201090851?
1
What is the tens digit of 54246451?
5
What is the hundred thousands digit of 62394500?
3
What is the millions digit of 70282182?
0
What is the hundreds digit of 112791483?
4
What is the ten thousands digit of 1704499138?
9
What is the ten thousands digit of 1936317511?
1
What is the millions digit of 609943999?
9
What is the millions digit of 1087057615?
7
What is the ten thousands digit of 245916206?
1
What is the hundred millions digit of 124854359?
1
What is the hundred thousands digit of 142964032?
9
What is the hundred thousands digit of 248782564?
7
What is the hundred thousands digit of 275103812?
1
What is the hundred thousands digit of 21972013?
9
What is the ten thousands dig